es 32 divide 2496?
True
Is 232 a multiple of 3?
False
Is 11 a factor of 913?
True
Does 21 divide 5469?
False
Is 2357 a multiple of 26?
False
Is 4260 a multiple of 12?
True
Does 58 divide 2784?
True
Does 89 divide 31951?
True
Does 40 divide 2160?
True
Is 198 a multiple of 33?
True
Does 143 divide 40469?
True
Is 17 a factor of 5287?
True
Is 976 a multiple of 61?
True
Is 1351 a multiple of 13?
False
Is 841 a multiple of 29?
True
Does 42 divide 336?
True
Is 3448 a multiple of 2?
True
Is 162 a multiple of 3?
True
Is 31 a factor of 8370?
True
Does 2 divide 28385?
False
Does 6 divide 546?
True
Is 15751 a multiple of 15?
False
Is 1261 a multiple of 33?
False
Is 48 a factor of 307?
False
Does 7 divide 698?
False
Is 3327 a multiple of 52?
False
Does 19 divide 954?
False
Does 16 divide 3779?
False
Does 5 divide 34?
False
Does 99 divide 4059?
True
Is 590 a multiple of 10?
True
Does 79 divide 10428?
True
Is 1419 a multiple of 8?
False
Does 40 divide 16677?
False
Does 19 divide 17523?
False
Is 1180 a multiple of 5?
True
Is 19 a factor of 138555?
False
Is 15372 a multiple of 12?
True
Does 5 divide 40?
True
Is 102 a factor of 4007?
False
Does 10 divide 6040?
True
Is 1026 a multiple of 18?
True
Is 228 a multiple of 19?
True
Is 23532 a multiple of 6?
True
Is 1039 a multiple of 49?
False
Is 12 a factor of 14448?
True
Is 469 a multiple of 67?
True
Is 155 a multiple of 60?
False
Is 7 a factor of 8939?
True
Does 7 divide 823?
False
Does 42 divide 11382?
True
Is 10450 a multiple of 110?
True
Does 5 divide 410?
True
Does 25 divide 29925?
True
Is 194 a multiple of 20?
False
Is 62 a factor of 620?
True
Is 34572 a multiple of 172?
True
Is 84 a multiple of 21?
True
Is 728 a multiple of 14?
True
Is 35005 a multiple of 32?
False
Does 30 divide 575?
False
Does 37 divide 454?
False
Is 376 a multiple of 95?
False
Does 27 divide 995?
False
Is 315 a multiple of 7?
True
Is 21 a factor of 344?
False
Is 12 a factor of 1560?
True
Is 1718 a multiple of 36?
False
Is 1806 even?
True
Does 20 divide 527?
False
Does 31 divide 589?
True
Is 2553 a multiple of 69?
True
Is 6 a factor of 1251?
False
Is 7855 a multiple of 116?
False
Is 19 a factor of 1677?
False
Is 55 a factor of 1522?
False
Is 7176 a multiple of 12?
True
Is 44310 a multiple of 93?
False
Does 35 divide 1505?
True
Does 90 divide 4340?
False
Is 2156 a multiple of 10?
False
Does 14 divide 10220?
True
Is 6006 a multiple of 16?
False
Is 4 a factor of 1912?
True
Does 16 divide 5674?
False
Is 278 a multiple of 22?
False
Does 23 divide 11178?
True
Is 1294 a multiple of 8?
False
Is 1359 a multiple of 47?
False
Is 35 a factor of 1365?
True
Is 3126 a multiple of 10?
False
Does 8 divide 1945?
False
Does 28 divide 88208?
False
Is 6 a factor of 516?
True
Is 1195 a multiple of 11?
False
Is 67 a factor of 327?
False
Does 12 divide 984?
True
Is 11 a factor of 1131?
False
Does 73 divide 2750?
False
Does 33 divide 14530?
False
Does 39 divide 806?
False
Does 107 divide 70419?
False
Is 50 a factor of 54200?
True
Is 7641 a multiple of 25?
False
Is 9796 a multiple of 31?
True
Is 23 a factor of 130?
False
Is 26 a factor of 3608?
False
Is 9 a factor of 1571?
False
Is 17 a factor of 1394?
True
Does 10 divide 275?
False
Is 23 a factor of 22540?
True
Does 24 divide 43497?
False
Does 14 divide 1713?
False
Does 12 divide 18616?
False
Does 88 divide 9240?
True
Does 26 divide 442?
True
Does 150 divide 13350?
True
Is 20102 a multiple of 26?
False
Is 248 a factor of 1470?
False
Is 6612 a multiple of 57?
True
Does 12 divide 546?
False
Is 581 a multiple of 7?
True
Is 14 a factor of 1708?
True
Does 15 divide 3465?
True
Does 38 divide 39976?
True
Does 5 divide 118?
False
Is 40 a multiple of 8?
True
Is 47 a factor of 1195?
False
Is 60 a factor of 1849?
False
Is 15 a factor of 480?
True
Is 265 a factor of 49820?
True
Is 95 a factor of 11833?
False
Is 4 a factor of 1164?
True
Is 7909 a multiple of 133?
False
Is 10 a factor of 2860?
True
Does 76 divide 1824?
True
Is 1295 a multiple of 3?
False
Does 36 divide 62?
False
Is 225 a multiple of 10?
False
Is 85785 a multiple of 133?
True
Is 2166 a multiple of 38?
True
Is 6 a factor of 1141?
False
Does 25 divide 800?
True
Is 20 a factor of 580?
True
Is 8 a factor of 952?
True
Is 2355 a multiple of 10?
False
Is 2142 a multiple of 119?
True
Does 58 divide 1044?
True
Is 1143 a multiple of 9?
True
Is 13 a factor of 1292?
False
Is 12 a factor of 598?
False
Is 2130 a multiple of 80?
False
Is 162 a multiple of 18?
True
Does 436 divide 101152?
True
Is 5229 a multiple of 15?
False
Does 88 divide 3383?
False
Is 353 a multiple of 32?
False
Does 4 divide 588?
True
Is 14563 a multiple of 20?
False
Is 1285 a multiple of 24?
False
Is 52 a multiple of 43?
False
Is 1147 a multiple of 37?
True
Does 14 divide 7199?
False
Is 1661 a multiple of 11?
True
Is 43 a factor of 4687?
True
Does 50 divide 577?
False
Is 126 a multiple of 9?
True
Does 27 divide 135?
True
Is 47 a factor of 1081?
True
Is 27 a factor of 61603?
False
Does 23 divide 2895?
False
Does 62 divide 889?
False
Does 42 divide 81060?
True
Is 60 a factor of 1080?
True
Does 19 divide 285?
True
Does 124 divide 10363?
False
Is 6122 a multiple of 3?
False
Does 14 divide 3058?
False
Is 35 a factor of 695?
False
Is 2 a factor of 590?
True
Does 3 divide 148?
False
Is 5 a factor of 1675?
True
Does 24 divide 480?
True
Does 6 divide 176?
False
Is 702 a multiple of 65?
False
Is 18560 a multiple of 232?
True
Does 20 divide 4480?
True
Does 13 divide 23376?
False
Is 92 a factor of 84466?
False
Does 62 divide 10109?
False
Is 167 a factor of 3138?
False
Is 4831 a multiple of 57?
False
Is 4 a factor of 743?
False
Does 271 divide 28726?
True
Does 14 divide 2725?
False
Is 10126 even?
True
Is 15211 a multiple of 36?
False
Is 6384 a multiple of 48?
True
Is 17604 a multiple of 12?
True
Is 33 a factor of 116?
False
Is 85 a factor of 1785?
True
Does 3 divide 152?
False
Is 39912 a multiple of 10?
False
Is 102 a factor of 11945?
False
Is 351 a multiple of 26?
False
Does 12 divide 465?
False
Does 40 divide 28737?
False
Is 6798 a multiple of 3?
True
Is 3 a factor of 1014?
True
Does 9 divide 279?
True
Is 32 a factor of 13705?
False
Is 10 a factor of 9080?
True
Does 9 divide 144?
True
Does 76 divide 546?
False
Is 70851 a multiple of 19?
True
Is 5348 a multiple of 10?
False
Is 56 a factor of 518?
False
Is 83 a factor of 27058?
True
Does 12 divide 34723?
False
Is 925 a multiple of 30?
False
Does 12 divide 11092?
False
Does 34 divide 79527?
False
Does 7 divide 2562?
True
Does 18 divide 4204?
False
Is 29436 a multiple of 11?
True
Is 13 a factor of 657?
False
Is 2115 a multiple of 45?
True
Is 7780 a multiple of 61?
False
Is 17 a factor of 1175?
False
Does 68 divide 8220?
False
Is 3 a factor of 1605?
True
Is 95 a multiple of 12?
False
Is 5 a factor of 30?
True
Does 31 divide 6572?
True
Is 3729 a multiple of 3?
True
Does 76 divide 6840?
True
Does 26 divide 859?
False
Is 1288 a multiple of 14?
True
Is 58 a factor of 3002?
False
Does 6 divide 40562?
False
Is 10 a factor of 84150?
True
Is 46 a factor of 14230?
False
Does 4 divide 192?
True
Is 4450 a multiple of 20?
False
Does 4 divide 4724?
True
Is 1628 a multiple of 44?
True
Is 10 a factor of 2090?
True
Is 1129 a multiple of 26?
False
Is 16112 a multiple of 76?
True
Does 83 divide 104165?
True
Is 11 a factor of 166?
False
Is 889 a multiple of 56?
False
Does 4 divide 285?
False
Is 31 a factor of 93?
True
Is 2090 a multiple of 19?
True
Is 20 a factor of 61959?
False
Is 242 a multiple of 4?
False
Is 7038 a multiple of 69?
True
Is 975 a multiple of 15?
True
Does 12 divide 127172?
False
Is 3168 a multiple of 33?
True
Is 12 a factor of 1422?
False
Is 14 a factor of 754?
False
Is 2969 a multiple of 4?
False
Is 578 a multiple of 24?
False
Does 11 divide 3289?
True
Is 3674 a multiple of 14?
False
Does 15 divide 35099?
False
Does 25 divide 10682?
False
Does 27 divide 19206?
False
Does 25 divide 1599?
False
Is 944 a multiple of 8?
True
Does 23 divide 9430?
True
Is 1071 a multiple of 63?
True
Does 4 divide 41?
False
Does 217 divide 14539?
True
Does 35 divide 595?
True
Is 550 a multiple of 22?
True
Is 643 a multiple of 20?
False
Is 412 a multiple of 13?
False
Does 15 divide 3471?
False
Is 55 a factor of 15981?
False
Does 33 divide 4587?
True
Is 85 a factor of 14813?
False
Does 49 divi